.
8
Suppose 3*m = 4*t + 36, -2*m + 5*t + 23 = -m. Let r(o) = o**3 - 8*o**2 + 2. What is r(m)?
2
Let q(h) = 17 - 34 - 2*h + 17. Give q(5).
-10
Let f(d) = -4*d**3 - 1. Let y(b) = b**3 + 2*b**2 - b + 1. Let r be y(0). Determine f(r).
-5
Let t(m) = -3*m - 2. Let i(g) = 7*g + 4. Let o(d) = -2*i(d) - 5*t(d). Calculate o(-7).
-5
Let a = 3 + 2. Let c(b) = -5 - b**2 + 6*b + 1 + 2. Give c(a).
3
Let f(h) = -h**3 - 6*h**2 - 5*h - 2. Suppose 0 = -5*z + v - 17, -3*z + 0 = 5*v - 1. Determine f(z).
-14
Let v(f) be the first derivative of f**4/4 + 5*f**3/3 - 7*f**2/2 - 7*f - 1. Let w be v(-6). Let u(x) = -2*x - 4*x**3 + 4*x - x. What is u(w)?
3
Let y(h) = 21*h**3 - h - 9*h**3 - 4*h + 6*h**2 - 13*h**3. Let f(o) = -o. Let c be f(-4). Let d be (2/c)/(1/10). Calculate y(d).
0
Suppose w - 4*w = 0. Let q(s) = s**3 + s**2 - s - 1. Let v(k) = -7*k**3 - 5*k**2 + 5*k + 3. Let y(d) = -6*q(d) - v(d). Determine y(w).
3
Let i(z) be the first derivative of z**3/3 - 3*z**2/2 - 4*z - 2. Let f(m) be the first derivative of i(m). What is f(4)?
5
Let p(v) = 2 + v**2 + 4*v - 3 + 4. Let x be (-5)/(-20) - (-30)/8. Suppose x*m + 8 = -4. Give p(m).
0
Let g(v) = v + 2. Let c(z) = z**2 + 2*z. Let r be c(2). Calculate g(r).
10
Suppose 2*f - 28 = -0*f. Suppose -4*o + 8*o = 5*w - 12, -f = -o - 3*w. Let x(z) = 3*z - 2*z + o - 2*z - 1. Determine x(2).
-1
Let z be 18/(-10) + 13/(-65). Let k(o) = -2*o - 3. Let h(v) = 7*v + 13. Let t(a) = -2*h(a) - 9*k(a). Give t(z).
-7
Let h = 10 - 6. Suppose h*v - 7 = 9. Let s(d) = -d - 1. Calculate s(v).
-5
Let k(l) be the third derivative of l**5/60 - l**4/24 - l**3/3 + 2*l**2 + 42. Determine k(0).
-2
Let q(g) = -261*g**2 - 3*g - g + 260*g**2. Let a(y) = -y**3 + 5*y**2 - 4. Let s be a(5). Calculate q(s).
0
Let j(o) = -o**3 + 3*o**2 + 3*o. Let a(l) = -7*l**3 + 1. Let k be a(-1). Suppose 3*g = k*g - 20. Calculate j(g).
-4
Let f(r) = 13*r - r**2 - 2 - 2*r - 12*r. Calculate f(-2).
-4
Let q(p) = 0*p**2 - p + 4*p**2 - 1 - p**3 + 0*p**2. Calculate q(4).
-5
Let b(d) = -d**3 + 2*d - 79 + 78 - 3*d. Let v be 4/18 + (-28)/(-36). Suppose 0*u - u - v = 0. Calculate b(u).
1
Suppose 7*n - 3*n = 12. Let c(p) be the third derivative of -p**6/120 + p**5/20 + p**3/6 + 2*p**2. Calculate c(n).
1
Let x(c) = 2*c - 7. Let r be x(5). Let l be 3 + (-2)/(r - 1). Let k = l - 1. Let t(f) = 4*f**2 - f + 1. Give t(k).
4
Let r(k) = k**2 + 2*k + 2. Let q be r(-4). Suppose -2*f - 1 = 3*a + 1, 4*a = f - q. Let c = 0 - a. Let v(z) = 2*z + 1. Determine v(c).
5
Suppose -48 = 4*j + 2*j. Let r(p) = -p - 6. Determine r(j).
2
Let u(b) = -b - 1. Let h(o) = -3*o - 2. Let z(d) = -h(d) + 5*u(d). Suppose 10 = 4*f + f. Suppose 3 = -f*w + 9. Calculate z(w).
-9
Let x be 1 + 3 + -5 + 2. Let a(v) = 3 + 4*v - 5 - x. Let l(n) = -n**3 + 7*n**2 - 7*n + 9. Let k be l(6). Give a(k).
9
Let m = -1 + 14. Let h = m + -8. Let n(b) = -b**2 + 6*b. Determine n(h).
5
Let w(p) be the third derivative of p**6/120 + p**5/12 + p**4/6 - p**3/6 - p**2. Suppose -12 = 9*i - 5*i. Give w(i).
5
Let o(a) = -3*a**3 + a**2 - 1. Let c be o(-1). Suppose -4*m = 5*p + 9, 0 = -c*p - 2 - 1. Let u(q) = 12*q**2 + q. Determine u(m).
11
Let h be -1*(2 - (6 + -3)) - -2. Let l be 12 + (1 - 0 - 2). Let f(n) = l*n**3 - 2*n**2 - 2*n + 4 - 3*n**h - 5. Calculate f(-1).
-9
Suppose -14*i = -7*i + 28. Let k(p) = -p**2 - 6*p + 3. Calculate k(i).
11
Let p(n) be the second derivative of -n**5/20 - n**4/3 + n**3 + 5*n**2/2 + n. Let h = -209 - -77. Let o be (-4)/14 + h/28. Give p(o).
0
Suppose -h + y - 4*y = 8, -3*h = -y + 4. Let k(w) = w**3 - 2*w. Determine k(h).
-4
Let k(v) = v + 0*v + 2 - 3. Let s be k(3). Suppose -s*d + 5*d = 9. Let o(c) = -c**3 + 4*c**2 - 3. Determine o(d).
6
Let b(v) be the third derivative of v**6/120 - v**5/20 + v**4/8 + v**3/6 + 9*v**2. Give b(3).
10
Let a(c) = -c**3. Let w(r) = -5*r**3 + 6*r**2 - 2*r. Let s(n) = -4*a(n) + w(n). What is s(6)?
-12
Let m(c) = -3*c + 1. Suppose 0 = -28*h + 24*h + 12. What is m(h)?
-8
Let g(k) = -3*k - 1. Suppose 3 = 2*v + q, 2*v = -q - q. Let j be 3/(-9) - (-4)/v. Give g(j).
-4
Let y(c) = c + 1. Suppose -2*h + 2*u + 5 = 3*u, -h - u + 2 = 0. What is y(h)?
4
Suppose -6*u - 13 - 17 = 0. Let w(d) = -d**2 - 3*d + 6. Give w(u).
-4
Suppose -2*q - 2*m - 7 - 3 = 0, 3*q + 5*m = -19. Let t(u) = -4*u - 1. Calculate t(q).
11
Let y(q) be the third derivative of -q**4/24 - 7*q**3/6 - 26*q**2. Suppose 2*z = 3*v + 14, 4*z = -3*v + v - 4. Give y(v).
-3
Let u(f) = -6*f + 2*f**2 + 2*f + f**3 + 3 + 3*f. Suppose 4*c - 32 = -t + 5*t, 4*t + 5 = -5*c. Let g = -8 - t. What is u(g)?
-3
Let h be -5*2/(-6)*-3. Let x = h - -5. Suppose x = -2*z - 10. Let n(s) = -s**2 - 7*s - 6. Give n(z).
4
Let v(s) be the first derivative of -s**2 - 4*s + 50. Let b(r) = r**2 - r - 4. Let c be b(0). What is v(c)?
4
Suppose -5*b - 51 = -3*o, -3*b - 4*o = -0*b + 48. Let y be 1/(-4) + (-27)/b. Let t(k) = -y + 1 + 5 + k. Calculate t(5).
9
Let k(o) be the second derivative of o**4/12 + 5*o**3/6 - o. Let p be 28/(-7)*(-3)/(-4). Determine k(p).
-6
Let w(g) be the third derivative of -g**4/12 - g**3/6 + 28*g**2. Calculate w(-3).
5
Let x = -12 + 18. Let t(u) = u + 5. Give t(x).
11
Let x(b) = -b**3 - 2*b**2 - 4. Let h = 23 + -26. Give x(h).
5
Let w(b) be the first derivative of b**5/60 - b**4/8 - 7*b**3/6 - b**2 + 1. Let z(x) be the second derivative of w(x). Let r = 27 + -22. Calculate z(r).
3
Let n(d) = -5*d**2 + 12*d - 11. Let h(w) = w**2 - w + 1. Let c(s) = -6*h(s) - n(s). Let v be c(-6). Let m(y) = y**2 - 8*y + 4. Give m(v).
-11
Let z(s) = s + 3. Let i = -71 + 69. What is z(i)?
1
Let b be 1 - 1 - (-7 - -5). Let n(i) be the third derivative of -i**5/60 + i**4/8 - i**3/2 + 2*i**2. Determine n(b).
-1
Suppose r + 5*a = 7, 7 = 2*r - 0*r + 3*a. Let u(h) = 2 - r - 4 - h + 1. Let m be (-5)/(1 + (-2 - -2)). Determine u(m).
2
Let u(t) be the third derivative of 0*t - 2/3*t**3 - 7/24*t**4 + t**2 + 1/60*t**5 + 0. Let m(y) be the first derivative of u(y). Give m(5).
3
Let k(v) = v**3 + v**2 + v - 2. Let d be 3/9 - (-4)/(-3). Let j be 2/6 + d/3. Suppose 0*p - 5*p = j. Give k(p).
-2
Let o(w) = 3*w**3 - 2*w**2 - 8*w + 4. Let c(l) = -2*l**3 + l**2 + 5*l - 3. Let v(j) = -7*c(j) - 5*o(j). What is v(4)?
5
Let f(w) be the first derivative of -7*w + 3 - 1/2*w**2. Determine f(-4).
-3
Let b(p) = -3*p + 8. Let a(g) = -g**3 - 7*g**2 + 4*g + 10. Let n be a(-7). Let o = -12 - n. Calculate b(o).
-10
Let c(l) = 2*l**2 + l - 1. Suppose 0 = 5*w - 2*x, -2*x = w + w - 14. Calculate c(w).
9
Suppose -x + 2 = 0, -r - 2*x = -3*r - 12. Let m(g) = -g**2 - 4*g - 2. Let u(a) = -3*a**2 - 11*a - 5. Let n(b) = 11*m(b) - 4*u(b). What is n(r)?
14
Let p = -30 + 20. Let r = p - -13. Let i(j) = -j**3 + 4*j**2 - j - 1. Calculate i(r).
5
Let m(l) = -6*l**2 - l. Suppose 1 = -0*t - t. Let p be -4*(3 + t)/8. Give m(p).
-5
Suppose 5*z + 4*k - 46 = 0, 5 = k + 1. Let s(y) = y**3 - 5*y**2 - 5*y + 9. Determine s(z).
15
Let a = -32 + 34. Let y(c) be the second derivative of -1/6*c**4 + c + 3/2*c**a + 1/10*c**5 + 0 - 1/2*c**3. Calculate y(2).
5
Let q be (-12)/16 + 22/8. Let t = -3 - q. Let f(c) = -2*c**2 + 7*c**2 - 3 + 16*c - 18*c + c**3. Give f(t).
7
Suppose -1 = 4*s - c, -3*s + 21*c - 18*c = 3. Let h(x) = -2*x**2 - 4*x + 3. Let f(i) = -3*i**2 - 5*i + 2. Let r(d) = 3*f(d) - 4*h(d). Calculate r(s).
-6
Let t(v) = -v**3 - 3*v**2 - 2*v - 4. Suppose m + 0*m = 1. Suppose 7*l - 18 = -4. Suppose -m = h + l. Calculate t(h).
2
Let z(f) be the first derivative of f**4/4 - f**2/2 + 3. What is z(1)?
0
Suppose 3 = -4*q + 7. Let i(h) = h + 1 + 2*h**2 + 2*h - q. Give i(-2).
2
Let s(b) = -b**2 - 4*b. Suppose 2*l = -5*d - 3*l - 30, 3*l = -5*d - 28. Let i be ((-6)/d)/((-3)/(-10)). Let j be (-5)/(-2)*i/(-2). Calculate s(j).
-5
Let t(q) = -q - 7. Let s be t(-5). Let r(h) be the first derivative of -h - 2/3*h**3 + 3 - h**2. Determine r(s).
-5
Let c(m) be the third derivative of m**6/120 + m**5/20 + m**4/12 - m**3/6 + 3*m**2. Give c(-2).
-1
Let c(p) = 7*p**2 - 13*p**2 - p + 4*p**2 + 4 + p**2. Calculate c(-4).
-8
Suppose 5*n + 17 + 10 = -4*x, 0 = 4*n - 4*x. Let t(k) = -k**2 + 5*k + 2. Let d(c) = 2*c**2 - 11*c - 4. Let p(u) = 4*d(u) + 9*t(u). Calculate p(n).
-10
Let u be 9/6*(-8 - -4). Let h(x) = -x**3 - 7*x**2 - 10*x - 8. Calculate h(u).
16
Let q(w) be the first derivative of -w**4/4 - 2*w**3/3 - w**2/2 - 2*w + 6. Calculate q(-3).
10
Le